 30.
10
Calculate the greatest common divisor of 4 and 28.
4
What is the highest common factor of 583 and 11?
11
What is the greatest common factor of 54 and 174?
6
Calculate the greatest common factor of 42 and 406.
14
Calculate the highest common factor of 208 and 637.
13
Calculate the highest common factor of 4 and 158.
2
Calculate the highest common divisor of 12 and 372.
12
Calculate the highest common factor of 9 and 9954.
9
Calculate the greatest common factor of 280 and 84.
28
What is the greatest common factor of 22 and 11?
11
What is the greatest common divisor of 36 and 816?
12
Calculate the greatest common divisor of 50 and 40.
10
Calculate the greatest common divisor of 770 and 1386.
154
Calculate the highest common divisor of 696 and 33.
3
Calculate the greatest common divisor of 17809 and 22.
11
Calculate the highest common divisor of 1512 and 456.
24
What is the greatest common factor of 400 and 700?
100
Calculate the highest common factor of 2550 and 650.
50
What is the greatest common divisor of 5 and 2285?
5
Calculate the greatest common divisor of 287 and 14.
7
Calculate the highest common factor of 48 and 368.
16
What is the highest common factor of 18 and 171?
9
What is the greatest common divisor of 272 and 632?
8
What is the greatest common divisor of 82 and 14?
2
What is the greatest common factor of 76 and 4?
4
What is the greatest common divisor of 1313 and 689?
13
What is the highest common factor of 2145 and 780?
195
What is the highest common factor of 200 and 56?
8
What is the highest common divisor of 91 and 5551?
91
What is the greatest common factor of 750 and 3?
3
Calculate the greatest common divisor of 455 and 1001.
91
Calculate the highest common factor of 165 and 321.
3
Calculate the greatest common divisor of 45 and 5.
5
Calculate the greatest common factor of 3799 and 131.
131
Calculate the highest common factor of 212 and 477.
53
Calculate the greatest common factor of 5 and 430.
5
What is the greatest common factor of 212 and 477?
53
What is the highest common factor of 539 and 66?
11
What is the greatest common divisor of 1414 and 28?
14
Calculate the greatest common divisor of 3846 and 12.
6
Calculate the greatest common factor of 14 and 35.
7
Calculate the highest common factor of 1345 and 20.
5
Calculate the highest common divisor of 45 and 36.
9
Calculate the highest common divisor of 2 and 356.
2
Calculate the highest common factor of 147 and 126.
21
What is the highest common factor of 64 and 24?
8
What is the highest common divisor of 78 and 741?
39
What is the greatest common divisor of 550 and 66?
22
Calculate the greatest common factor of 1247 and 43.
43
What is the greatest common divisor of 162 and 1998?
54
Calculate the highest common divisor of 623 and 7.
7
What is the highest common factor of 140 and 4676?
28
What is the greatest common divisor of 10 and 6145?
5
Calculate the greatest common factor of 369 and 533.
41
Calculate the highest common divisor of 30 and 3270.
30
What is the highest common factor of 21164 and 22?
22
What is the greatest common factor of 8 and 32?
8
What is the highest common divisor of 101317 and 71?
71
What is the highest common factor of 30 and 140?
10
Calculate the greatest common divisor of 36 and 8.
4
Calculate the highest common divisor of 37 and 1.
1
What is the highest common factor of 142 and 2?
2
Calculate the highest common factor of 30 and 9645.
15
What is the highest common divisor of 80 and 130?
10
What is the highest common divisor of 10 and 135?
5
What is the highest common factor of 624 and 24?
24
What is the highest common divisor of 1534 and 26?
26
What is the highest common divisor of 96 and 2944?
32
What is the highest common factor of 161 and 69?
23
Calculate the greatest common factor of 732 and 36.
12
What is the greatest common divisor of 10769 and 178?
89
Calculate the greatest common factor of 287 and 82.
41
Calculate the greatest common factor of 110 and 44.
22
What is the greatest common factor of 4475 and 100?
25
Calculate the highest common divisor of 150 and 200.
50
Calculate the highest common divisor of 1650 and 66.
66
What is the highest common divisor of 3268 and 57?
19
What is the highest common factor of 1898 and 292?
146
What is the highest common factor of 208 and 496?
16
What is the greatest common factor of 588 and 36?
12
What is the highest common divisor of 23312 and 94?
94
Calculate the greatest common factor of 108 and 16.
4
What is the greatest common factor of 10049 and 26?
13
Calculate the highest common factor of 266 and 95.
19
What is the greatest common divisor of 22 and 506?
22
What is the highest common divisor of 9125 and 73?
73
Calculate the greatest common divisor of 3796 and 260.
52
What is the highest common factor of 135 and 11535?
15
What is the greatest common divisor of 852 and 36?
12
What is the greatest common factor of 1134 and 972?
162
Calculate the greatest common factor of 15 and 65.
5
Calculate the greatest common divisor of 3043 and 1253.
179
Calculate the greatest common factor of 195 and 18915.
195
What is the greatest common factor of 848 and 1537?
53
What is the highest common factor of 100 and 800?
100
What is the highest common divisor of 989 and 43?
43
What is the highest common divisor of 15192 and 72?
72
What is the highest common factor of 1524 and 12?
12
Calculate the greatest common factor of 1887 and 51.
51
Calculate the highest common factor of 143 and 195.
13
What is the greatest common factor of 2 and 41?
1
Calculate the greatest common divisor of 7626 and 82.
82
What is the highest common factor of 806 and 62?
62
What is the highest common divisor of 322 and 70?
14
Calculate the greatest common factor of 4 and 46.
2
Calculate the highest common factor of 3983 and 42.
7
What is the greatest common factor of 112 and 1064?
56
Calculate the highest common factor of 89 and 4094.
89
What is the highest common factor of 65 and 390?
65
What is the greatest common factor of 322 and 1472?
46
Calculate the greatest common factor of 18 and 1620.
18
Calculate the greatest common divisor of 337 and 1.
1
Calculate the greatest common divisor of 264 and 748.
44
What is the greatest common divisor of 35 and 55?
5
Calculate the greatest common factor of 40 and 222.
2
Calculate the highest common divisor of 10 and 17770.
10
Calculate the greatest common factor of 26 and 338.
26
Calculate the greatest common factor of 66648 and 24.
24
Calculate the greatest common divisor of 1 and 167.
1
Calculate the greatest common divisor of 31 and 248.
31
What is the greatest common divisor of 341 and 209?
11
What is the greatest common factor of 290 and 30?
10
What is the highest common divisor of 688 and 48?
16
What is the greatest common divisor of 410 and 16605?
205
What is the greatest common factor of 12 and 148?
4
What is the greatest common divisor of 3 and 1059?
3
What is the highest common factor of 728 and 30758?
182
Calculate the highest common divisor of 220 and 12980.
220
Calculate the highest common divisor of 18 and 45.
9
What is the greatest common factor of 31 and 7936?
31
What is the highest common divisor of 64 and 60?
4
What is the highest common divisor of 754 and 26?
26
What is the highest common factor of 82 and 44526?
82
What is the greatest common factor of 6 and 30?
6
Calculate the greatest common divisor of 374 and 44.
22
Calculate the greatest common factor of 959 and 98.
7
Calculate the highest common divisor of 192 and 832.
64
What is the greatest common factor of 24 and 156?
12
Calculate the greatest common factor of 6636 and 56.
28
Calculate the highest common divisor of 104 and 221.
13
Calculate the highest common factor of 4340 and 1820.
140
Calculate the greatest common divisor of 9653 and 392.
49
What is the highest common divisor of 1119 and 18277?
373
Calculate the highest common factor of 25080 and 57.
57
What is the highest common factor of 700 and 108?
4
What is the greatest common factor of 42 and 74?
2
Calculate the highest common factor of 6 and 1212.
6
What is the highest common factor of 54 and 17793?
27
What is the highest common factor of 544 and 3104?
32
Calculate the greatest common divisor of 495 and 297.
99
What is the greatest common divisor of 210